{"id":388,"date":"2025-05-12T11:40:37","date_gmt":"2025-05-12T16:40:37","guid":{"rendered":"https:\/\/www.institutobiblicorav.com\/institutorav\/?post_type=product&#038;p=388"},"modified":"2025-05-15T16:05:12","modified_gmt":"2025-05-15T21:05:12","slug":"evangelismo-practico-nivel-3","status":"publish","type":"product","link":"https:\/\/www.institutobiblicorav.com\/institutorav\/producto\/evangelismo-practico-nivel-3\/","title":{"rendered":"Evangelismo Pr\u00e1ctico &#8211; Tercer Nivel"},"content":{"rendered":"<h3 data-start=\"2686\" data-end=\"2730\">\ud83d\udd39 <strong data-start=\"2693\" data-end=\"2728\">NIVEL 3 \u2013 Evangelismo en Acci\u00f3n<\/strong><\/h3>\n<p data-start=\"2731\" data-end=\"2820\">Este nivel equipa al creyente para liderar y participar activamente en iniciativas evangel\u00edsticas organizadas. Ense\u00f1a c\u00f3mo formar equipos, realizar campa\u00f1as, evangelizar en lugares sensibles, trabajar con diferentes grupos de edad y utilizar los medios digitales. Adem\u00e1s, ense\u00f1a a evaluar el fruto y entender que el discipulado es la continuaci\u00f3n del evangelismo.<\/p>\n<ol data-start=\"2843\" data-end=\"3393\">\n<li data-start=\"2843\" data-end=\"2899\">\n<p data-start=\"2846\" data-end=\"2899\"><strong>El evangelista y su comuni\u00f3n con Dios<\/strong> \u2013 <em data-start=\"2886\" data-end=\"2897\">Juan 15:5<\/em><\/p>\n<\/li>\n<li data-start=\"2900\" data-end=\"2963\">\n<p data-start=\"2903\" data-end=\"2963\"><strong>C\u00f3mo formar un equipo evangel\u00edstico<\/strong> \u2013 <em data-start=\"2941\" data-end=\"2961\">Eclesiast\u00e9s 4:9-10<\/em><\/p>\n<\/li>\n<li data-start=\"2964\" data-end=\"3024\">\n<p data-start=\"2967\" data-end=\"3024\"><strong>Organizaci\u00f3n de campa\u00f1as de evangelismo<\/strong> \u2013 <em data-start=\"3009\" data-end=\"3022\">Lucas 14:23<\/em><\/p>\n<\/li>\n<li data-start=\"3025\" data-end=\"3079\">\n<p data-start=\"3028\" data-end=\"3079\"><strong>Evangelismo en espacios sensibles<\/strong> \u2013 <em data-start=\"3064\" data-end=\"3077\">Mateo 25:36<\/em><\/p>\n<\/li>\n<li data-start=\"3080\" data-end=\"3134\">\n<p data-start=\"3083\" data-end=\"3134\"><strong>Evangelismo a ni\u00f1os y j\u00f3venes<\/strong> \u2013 <em data-start=\"3115\" data-end=\"3132\">Proverbios 22:6<\/em><\/p>\n<\/li>\n<li data-start=\"3135\" data-end=\"3186\">\n<p data-start=\"3138\" data-end=\"3186\"><strong>Evangelismo en medios digitales<\/strong> \u2013 <em data-start=\"3172\" data-end=\"3184\">Salmo 96:3<\/em><\/p>\n<\/li>\n<li data-start=\"3187\" data-end=\"3249\">\n<p data-start=\"3190\" data-end=\"3249\"><strong>El evangelismo y la compasi\u00f3n social<\/strong> \u2013 <em data-start=\"3229\" data-end=\"3247\">Santiago 2:14-17<\/em><\/p>\n<\/li>\n<li data-start=\"3250\" data-end=\"3302\">\n<p data-start=\"3253\" data-end=\"3302\"><strong>C\u00f3mo responder con mansedumbre<\/strong> \u2013 <em data-start=\"3286\" data-end=\"3300\">1 Pedro 3:15<\/em><\/p>\n<\/li>\n<li data-start=\"3303\" data-end=\"3355\">\n<p data-start=\"3306\" data-end=\"3355\"><strong>El evangelismo y el discipulado<\/strong> \u2013 <em data-start=\"3340\" data-end=\"3353\">Mateo 28:20<\/em><\/p>\n<\/li>\n<li data-start=\"3356\" data-end=\"3393\">\n<p data-start=\"3360\" data-end=\"3393\"><strong>Evaluando el fruto<\/strong> \u2013 <em data-start=\"3381\" data-end=\"3393\">Mateo 7:16<\/em><\/p>\n<\/li>\n<\/ol>\n<p class=\"ds-markdown-paragraph\"><strong>\ud83c\udfaf Beneficios para el Estudiante:<br \/>\n<\/strong><strong>Totalmente Gratis<\/strong> el nivel completo.<br \/>\n<strong>Acceso 24\/7<\/strong> a clases grabadas, materiales descargables y foros de discusi\u00f3n.<br \/>\n<strong>Certificaci\u00f3n progresiva<\/strong> avalada por la <em>Iglesia Cristiana Filadelfia &#8220;Como R\u00edos de Agua Viva&#8221;<\/em>.<br \/>\n<strong>Tutor\u00eda personalizada<\/strong>\u00a0con docentes calificados.<\/p>\n<p class=\"ds-markdown-paragraph\"><strong>\u23f3 Duraci\u00f3n:<\/strong> 10 Semanas (2 meses y 1\/2 ).<br \/>\n<strong>\ud83d\udcbb Modalidad:<\/strong> 100% Online, a tu ritmo.<\/p>\n<p class=\"ds-markdown-paragraph\"><strong>\u271d\ufe0f \u00bfListo para comenzar tu formaci\u00f3n?<\/strong><br \/>\n\ud83d\udc49\u00a0<em>&#8220;Inscr\u00edbete hoy&#8221;<\/em><\/p>\n","protected":false},"excerpt":{"rendered":"<h3 data-start=\"2686\" data-end=\"2730\">\ud83d\udd39 <strong data-start=\"2693\" data-end=\"2728\">NIVEL 3 \u2013 Evangelismo en Acci\u00f3n<\/strong><\/h3>\n<p data-start=\"2731\" data-end=\"2820\">Este nivel equipa al creyente para liderar y participar activamente en iniciativas evangel\u00edsticas organizadas. Ense\u00f1a c\u00f3mo formar equipos, realizar campa\u00f1as, evangelizar en lugares sensibles, trabajar con diferentes grupos de edad y utilizar los medios digitales. Adem\u00e1s, ense\u00f1a a evaluar el fruto y entender que el discipulado es la continuaci\u00f3n del evangelismo.<\/p>\n<ol data-start=\"2843\" data-end=\"3393\">\n<li data-start=\"2843\" data-end=\"2899\">\n<p data-start=\"2846\" data-end=\"2899\"><strong>El evangelista y su comuni\u00f3n con Dios<\/strong> \u2013 <em data-start=\"2886\" data-end=\"2897\">Juan 15:5<\/em><\/p>\n<\/li>\n<li data-start=\"2900\" data-end=\"2963\">\n<p data-start=\"2903\" data-end=\"2963\"><strong>C\u00f3mo formar un equipo evangel\u00edstico<\/strong> \u2013 <em data-start=\"2941\" data-end=\"2961\">Eclesiast\u00e9s 4:9-10<\/em><\/p>\n<\/li>\n<li data-start=\"2964\" data-end=\"3024\">\n<p data-start=\"2967\" data-end=\"3024\"><strong>Organizaci\u00f3n de campa\u00f1as de evangelismo<\/strong> \u2013 <em data-start=\"3009\" data-end=\"3022\">Lucas 14:23<\/em><\/p>\n<\/li>\n<li data-start=\"3025\" data-end=\"3079\">\n<p data-start=\"3028\" data-end=\"3079\"><strong>Evangelismo en espacios sensibles<\/strong> \u2013 <em data-start=\"3064\" data-end=\"3077\">Mateo 25:36<\/em><\/p>\n<\/li>\n<li data-start=\"3080\" data-end=\"3134\">\n<p data-start=\"3083\" data-end=\"3134\"><strong>Evangelismo a ni\u00f1os y j\u00f3venes<\/strong> \u2013 <em data-start=\"3115\" data-end=\"3132\">Proverbios 22:6<\/em><\/p>\n<\/li>\n<li data-start=\"3135\" data-end=\"3186\">\n<p data-start=\"3138\" data-end=\"3186\"><strong>Evangelismo en medios digitales<\/strong> \u2013 <em data-start=\"3172\" data-end=\"3184\">Salmo 96:3<\/em><\/p>\n<\/li>\n<li data-start=\"3187\" data-end=\"3249\">\n<p data-start=\"3190\" data-end=\"3249\"><strong>El evangelismo y la compasi\u00f3n social<\/strong> \u2013 <em data-start=\"3229\" data-end=\"3247\">Santiago 2:14-17<\/em><\/p>\n<\/li>\n<li data-start=\"3250\" data-end=\"3302\">\n<p data-start=\"3253\" data-end=\"3302\"><strong>C\u00f3mo responder con mansedumbre<\/strong> \u2013 <em data-start=\"3286\" data-end=\"3300\">1 Pedro 3:15<\/em><\/p>\n<\/li>\n<li data-start=\"3303\" data-end=\"3355\">\n<p data-start=\"3306\" data-end=\"3355\"><strong>El evangelismo y el discipulado<\/strong> \u2013 <em data-start=\"3340\" data-end=\"3353\">Mateo 28:20<\/em><\/p>\n<\/li>\n<li data-start=\"3356\" data-end=\"3393\">\n<p data-start=\"3360\" data-end=\"3393\"><strong>Evaluando el fruto<\/strong> \u2013 <em data-start=\"3381\" data-end=\"3393\">Mateo 7:16<\/em><\/p>\n<\/li>\n<\/ol>\n<p class=\"ds-markdown-paragraph\"><strong>\u2705 Beneficios:<\/strong><br \/>\n\u2714 Totalmente <strong>Gratis<\/strong><br \/>\n\u2714 Acceso 24\/7 a clases en l\u00ednea<br \/>\n\u2714 Una Lecci\u00f3n por Semana<br \/>\n\u2714 Material descargable y certificaci\u00f3n progresiva<br \/>\n\u2714 Tutor\u00eda personalizada<\/p>\n<p class=\"ds-markdown-paragraph\"><strong>\u23f3 Duraci\u00f3n:<\/strong> 10 Semanas (2 meses y 1\/2) | <strong>\ud83d\udcbb Modalidad:<\/strong>\u00a0100% Online<br \/>\n<strong>\u271d\ufe0f \u00a1Inscr\u00edbete hoy y da el primer paso en el Evangelismo Pr\u00e1ctico!<\/strong><\/p>\n<hr \/>\n<p class=\"ds-markdown-paragraph\"><strong>\ud83d\udca1 Ideal para:<\/strong> Nuevos Creyentes, Estudiantes, L\u00edderes y cualquier persona que desee profundizar en el Evangelismo Pr\u00e1ctico.<\/p>\n","protected":false},"featured_media":410,"comment_status":"closed","ping_status":"closed","template":"","meta":{"_kad_post_transparent":"default","_kad_post_title":"","_kad_post_layout":"default","_kad_post_sidebar_id":"","_kad_post_content_style":"default","_kad_post_vertical_padding":"default","_kad_post_feature":"","_kad_post_feature_position":"","_kad_post_header":false,"_kad_post_footer":false,"_kad_post_classname":"","_joinchat":[]},"product_brand":[],"product_cat":[25],"product_tag":[29,27,28,35,36,26,30],"class_list":{"0":"post-388","1":"product","2":"type-product","3":"status-publish","4":"has-post-thumbnail","6":"product_cat-evangelismo","7":"product_tag-acceso","8":"product_tag-biblia","9":"product_tag-cuatrimestres","10":"product_tag-discipulado","11":"product_tag-evangelismo","12":"product_tag-instituto","13":"product_tag-materias","15":"first","16":"instock","17":"virtual","18":"sold-individually","19":"product-type-simple","20":"entry","21":"content-bg","22":"loop-entry"},"_links":{"self":[{"href":"https:\/\/www.institutobiblicorav.com\/institutorav\/wp-json\/wp\/v2\/product\/388","targetHints":{"allow":["GET"]}}],"collection":[{"href":"https:\/\/www.institutobiblicorav.com\/institutorav\/wp-json\/wp\/v2\/product"}],"about":[{"href":"https:\/\/www.institutobiblicorav.com\/institutorav\/wp-json\/wp\/v2\/types\/product"}],"replies":[{"embeddable":true,"href":"https:\/\/www.institutobiblicorav.com\/institutorav\/wp-json\/wp\/v2\/comments?post=388"}],"wp:featuredmedia":[{"embeddable":true,"href":"https:\/\/www.institutobiblicorav.com\/institutorav\/wp-json\/wp\/v2\/media\/410"}],"wp:attachment":[{"href":"https:\/\/www.institutobiblicorav.com\/institutorav\/wp-json\/wp\/v2\/media?parent=388"}],"wp:term":[{"taxonomy":"product_brand","embeddable":true,"href":"https:\/\/www.institutobiblicorav.com\/institutorav\/wp-json\/wp\/v2\/product_brand?post=388"},{"taxonomy":"product_cat","embeddable":true,"href":"https:\/\/www.institutobiblicorav.com\/institutorav\/wp-json\/wp\/v2\/product_cat?post=388"},{"taxonomy":"product_tag","embeddable":true,"href":"https:\/\/www.institutobiblicorav.com\/institutorav\/wp-json\/wp\/v2\/product_tag?post=388"}],"curies":[{"name":"wp","href":"https:\/\/api.w.org\/{rel}","templated":true}]}}