{"id":386,"date":"2025-05-12T11:38:34","date_gmt":"2025-05-12T16:38:34","guid":{"rendered":"https:\/\/www.institutobiblicorav.com\/institutorav\/?post_type=product&#038;p=386"},"modified":"2025-05-15T16:07:49","modified_gmt":"2025-05-15T21:07:49","slug":"evangelismo-practico-nivel-1","status":"publish","type":"product","link":"https:\/\/www.institutobiblicorav.com\/institutorav\/producto\/evangelismo-practico-nivel-1\/","title":{"rendered":"Evangelismo Pr\u00e1ctico &#8211; Primer Nivel"},"content":{"rendered":"<h3 data-start=\"740\" data-end=\"798\">\ud83d\udd39 <strong data-start=\"747\" data-end=\"796\">NIVEL 1 \u2013 Fundamentos del Evangelismo B\u00edblico<\/strong><\/h3>\n<p data-start=\"799\" data-end=\"973\">Este nivel establece las bases doctrinales y espirituales del evangelismo, ense\u00f1ando al disc\u00edpulo el car\u00e1cter de Dios, la condici\u00f3n del hombre, el poder del Evangelio, el mandato misionero y el papel del Esp\u00edritu Santo en la salvaci\u00f3n. Tambi\u00e9n instruye sobre la necesidad de interceder, tener compasi\u00f3n por los perdidos y mantener un coraz\u00f3n rendido a Cristo.<\/p>\n<ol data-start=\"996\" data-end=\"1579\">\n<li data-start=\"996\" data-end=\"1056\">\n<p data-start=\"999\" data-end=\"1056\"><strong>El mensaje central del Evangelio<\/strong> \u2013 <em data-start=\"1034\" data-end=\"1054\">1 Corintios 15:3-4<\/em><\/p>\n<\/li>\n<li data-start=\"1057\" data-end=\"1102\">\n<p data-start=\"1060\" data-end=\"1102\"><strong>\u00bfQu\u00e9 es el evangelismo?<\/strong> \u2013 <em data-start=\"1086\" data-end=\"1100\">Marcos 16:15<\/em><\/p>\n<\/li>\n<li data-start=\"1103\" data-end=\"1162\">\n<p data-start=\"1106\" data-end=\"1162\"><strong>El pecado y la necesidad de salvaci\u00f3n<\/strong> \u2013 <em data-start=\"1146\" data-end=\"1160\">Romanos 3:23<\/em><\/p>\n<\/li>\n<li data-start=\"1163\" data-end=\"1216\">\n<p data-start=\"1166\" data-end=\"1216\"><strong>Jesucristo, el \u00fanico camino a Dios<\/strong> \u2013 <em data-start=\"1203\" data-end=\"1214\">Juan 14:6<\/em><\/p>\n<\/li>\n<li data-start=\"1217\" data-end=\"1261\">\n<p data-start=\"1220\" data-end=\"1261\"><strong>El poder del Evangelio<\/strong> \u2013 <em data-start=\"1245\" data-end=\"1259\">Romanos 1:16<\/em><\/p>\n<\/li>\n<li data-start=\"1262\" data-end=\"1318\">\n<p data-start=\"1265\" data-end=\"1318\"><strong>El coraz\u00f3n de Dios por los perdidos<\/strong> \u2013 <em data-start=\"1303\" data-end=\"1316\">Lucas 19:10<\/em><\/p>\n<\/li>\n<li data-start=\"1319\" data-end=\"1388\">\n<p data-start=\"1322\" data-end=\"1388\"><strong>La obra del Esp\u00edritu Santo en la evangelizaci\u00f3n<\/strong> \u2013 <em data-start=\"1372\" data-end=\"1386\">Juan 16:8-11<\/em><\/p>\n<\/li>\n<li data-start=\"1389\" data-end=\"1443\">\n<p data-start=\"1392\" data-end=\"1443\"><strong>El mandato de la Gran Comisi\u00f3n<\/strong> \u2013 <em data-start=\"1425\" data-end=\"1441\">Mateo 28:18-20<\/em><\/p>\n<\/li>\n<li data-start=\"1444\" data-end=\"1507\">\n<p data-start=\"1447\" data-end=\"1507\"><strong>Oraci\u00f3n e intercesi\u00f3n por los perdidos<\/strong> \u2013 <em data-start=\"1488\" data-end=\"1505\">1 Timoteo 2:1-4<\/em><\/p>\n<\/li>\n<li data-start=\"1508\" data-end=\"1579\">\n<p data-start=\"1512\" data-end=\"1579\"><strong>El costo del evangelismo y el precio del discipulado<\/strong> \u2013 <em data-start=\"1567\" data-end=\"1579\">Lucas 9:23<\/em><\/p>\n<\/li>\n<\/ol>\n<p class=\"ds-markdown-paragraph\"><strong>\ud83c\udfaf Beneficios para el Estudiante:<br \/>\n<\/strong><strong>Totalmente Gratis<\/strong> el nivel completo.<br \/>\n<strong>Acceso 24\/7<\/strong> a clases grabadas, materiales descargables y foros de discusi\u00f3n.<br \/>\n<strong>Certificaci\u00f3n progresiva<\/strong> avalada por la <em>Iglesia Cristiana Filadelfia &#8220;Como R\u00edos de Agua Viva&#8221;<\/em>.<br \/>\n<strong>Tutor\u00eda personalizada<\/strong>\u00a0con docentes calificados.<\/p>\n<p class=\"ds-markdown-paragraph\"><strong>\u23f3 Duraci\u00f3n:<\/strong> 10 Semanas (2 meses y 1\/2 ).<br \/>\n<strong>\ud83d\udcbb Modalidad:<\/strong> 100% Online, a tu ritmo.<\/p>\n<p class=\"ds-markdown-paragraph\"><strong>\u271d\ufe0f \u00bfListo para comenzar tu formaci\u00f3n?<\/strong><br \/>\n\ud83d\udc49\u00a0<em>&#8220;Inscr\u00edbete hoy&#8221;<\/em><\/p>\n","protected":false},"excerpt":{"rendered":"<h3 data-start=\"740\" data-end=\"798\">\ud83d\udd39 <strong data-start=\"747\" data-end=\"796\">NIVEL 1 \u2013 Fundamentos del Evangelismo B\u00edblico<\/strong><\/h3>\n<p data-start=\"799\" data-end=\"973\">Este nivel establece las bases doctrinales y espirituales del evangelismo, ense\u00f1ando al disc\u00edpulo el car\u00e1cter de Dios, la condici\u00f3n del hombre, el poder del Evangelio, el mandato misionero y el papel del Esp\u00edritu Santo en la salvaci\u00f3n. Tambi\u00e9n instruye sobre la necesidad de interceder, tener compasi\u00f3n por los perdidos y mantener un coraz\u00f3n rendido a Cristo.<\/p>\n<ol data-start=\"996\" data-end=\"1579\">\n<li data-start=\"996\" data-end=\"1056\">\n<p data-start=\"999\" data-end=\"1056\"><strong>El mensaje central del Evangelio<\/strong> \u2013 <em data-start=\"1034\" data-end=\"1054\">1 Corintios 15:3-4<\/em><\/p>\n<\/li>\n<li data-start=\"1057\" data-end=\"1102\">\n<p data-start=\"1060\" data-end=\"1102\"><strong>\u00bfQu\u00e9 es el evangelismo?<\/strong> \u2013 <em data-start=\"1086\" data-end=\"1100\">Marcos 16:15<\/em><\/p>\n<\/li>\n<li data-start=\"1103\" data-end=\"1162\">\n<p data-start=\"1106\" data-end=\"1162\"><strong>El pecado y la necesidad de salvaci\u00f3n<\/strong> \u2013 <em data-start=\"1146\" data-end=\"1160\">Romanos 3:23<\/em><\/p>\n<\/li>\n<li data-start=\"1163\" data-end=\"1216\">\n<p data-start=\"1166\" data-end=\"1216\"><strong>Jesucristo, el \u00fanico camino a Dios<\/strong> \u2013 <em data-start=\"1203\" data-end=\"1214\">Juan 14:6<\/em><\/p>\n<\/li>\n<li data-start=\"1217\" data-end=\"1261\">\n<p data-start=\"1220\" data-end=\"1261\"><strong>El poder del Evangelio<\/strong> \u2013 <em data-start=\"1245\" data-end=\"1259\">Romanos 1:16<\/em><\/p>\n<\/li>\n<li data-start=\"1262\" data-end=\"1318\">\n<p data-start=\"1265\" data-end=\"1318\"><strong>El coraz\u00f3n de Dios por los perdidos<\/strong> \u2013 <em data-start=\"1303\" data-end=\"1316\">Lucas 19:10<\/em><\/p>\n<\/li>\n<li data-start=\"1319\" data-end=\"1388\">\n<p data-start=\"1322\" data-end=\"1388\"><strong>La obra del Esp\u00edritu Santo en la evangelizaci\u00f3n<\/strong> \u2013 <em data-start=\"1372\" data-end=\"1386\">Juan 16:8-11<\/em><\/p>\n<\/li>\n<li data-start=\"1389\" data-end=\"1443\">\n<p data-start=\"1392\" data-end=\"1443\"><strong>El mandato de la Gran Comisi\u00f3n<\/strong> \u2013 <em data-start=\"1425\" data-end=\"1441\">Mateo 28:18-20<\/em><\/p>\n<\/li>\n<li data-start=\"1444\" data-end=\"1507\">\n<p data-start=\"1447\" data-end=\"1507\"><strong>Oraci\u00f3n e intercesi\u00f3n por los perdidos<\/strong> \u2013 <em data-start=\"1488\" data-end=\"1505\">1 Timoteo 2:1-4<\/em><\/p>\n<\/li>\n<li data-start=\"1508\" data-end=\"1579\">\n<p data-start=\"1512\" data-end=\"1579\"><strong>El costo del evangelismo y el precio del discipulado<\/strong> \u2013 <em data-start=\"1567\" data-end=\"1579\">Lucas 9:23<\/em><\/p>\n<\/li>\n<\/ol>\n<p class=\"ds-markdown-paragraph\"><strong>\u2705 Beneficios:<\/strong><br \/>\n\u2714 Totalmente <strong>Gratis<\/strong><br \/>\n\u2714 Acceso 24\/7 a clases en l\u00ednea<br \/>\n\u2714 Una Lecci\u00f3n por Semana<br \/>\n\u2714 Material descargable y certificaci\u00f3n progresiva<br \/>\n\u2714 Tutor\u00eda personalizada<\/p>\n<p class=\"ds-markdown-paragraph\"><strong>\u23f3 Duraci\u00f3n:<\/strong> 10 Semanas (2 meses y 1\/2) | <strong>\ud83d\udcbb Modalidad:<\/strong>\u00a0100% Online<br \/>\n<strong>\u271d\ufe0f \u00a1Inscr\u00edbete hoy y da el primer paso en el Evangelismo Pr\u00e1ctico!<\/strong><\/p>\n<hr \/>\n<p class=\"ds-markdown-paragraph\"><strong>\ud83d\udca1 Ideal para:<\/strong> Nuevos Creyentes, Estudiantes, L\u00edderes y cualquier persona que desee profundizar en el Evangelismo Pr\u00e1ctico.<\/p>\n","protected":false},"featured_media":407,"comment_status":"closed","ping_status":"closed","template":"","meta":{"_kad_post_transparent":"default","_kad_post_title":"","_kad_post_layout":"default","_kad_post_sidebar_id":"","_kad_post_content_style":"default","_kad_post_vertical_padding":"default","_kad_post_feature":"","_kad_post_feature_position":"","_kad_post_header":false,"_kad_post_footer":false,"_kad_post_classname":"","_joinchat":[]},"product_brand":[],"product_cat":[25],"product_tag":[29,27,28,35,36,26,30],"class_list":{"0":"post-386","1":"product","2":"type-product","3":"status-publish","4":"has-post-thumbnail","6":"product_cat-evangelismo","7":"product_tag-acceso","8":"product_tag-biblia","9":"product_tag-cuatrimestres","10":"product_tag-discipulado","11":"product_tag-evangelismo","12":"product_tag-instituto","13":"product_tag-materias","15":"first","16":"instock","17":"virtual","18":"sold-individually","19":"product-type-simple","20":"entry","21":"content-bg","22":"loop-entry"},"_links":{"self":[{"href":"https:\/\/www.institutobiblicorav.com\/institutorav\/wp-json\/wp\/v2\/product\/386","targetHints":{"allow":["GET"]}}],"collection":[{"href":"https:\/\/www.institutobiblicorav.com\/institutorav\/wp-json\/wp\/v2\/product"}],"about":[{"href":"https:\/\/www.institutobiblicorav.com\/institutorav\/wp-json\/wp\/v2\/types\/product"}],"replies":[{"embeddable":true,"href":"https:\/\/www.institutobiblicorav.com\/institutorav\/wp-json\/wp\/v2\/comments?post=386"}],"wp:featuredmedia":[{"embeddable":true,"href":"https:\/\/www.institutobiblicorav.com\/institutorav\/wp-json\/wp\/v2\/media\/407"}],"wp:attachment":[{"href":"https:\/\/www.institutobiblicorav.com\/institutorav\/wp-json\/wp\/v2\/media?parent=386"}],"wp:term":[{"taxonomy":"product_brand","embeddable":true,"href":"https:\/\/www.institutobiblicorav.com\/institutorav\/wp-json\/wp\/v2\/product_brand?post=386"},{"taxonomy":"product_cat","embeddable":true,"href":"https:\/\/www.institutobiblicorav.com\/institutorav\/wp-json\/wp\/v2\/product_cat?post=386"},{"taxonomy":"product_tag","embeddable":true,"href":"https:\/\/www.institutobiblicorav.com\/institutorav\/wp-json\/wp\/v2\/product_tag?post=386"}],"curies":[{"name":"wp","href":"https:\/\/api.w.org\/{rel}","templated":true}]}}