{"id":385,"date":"2025-05-12T11:31:28","date_gmt":"2025-05-12T16:31:28","guid":{"rendered":"https:\/\/www.institutobiblicorav.com\/institutorav\/?post_type=product&#038;p=385"},"modified":"2025-10-06T18:24:15","modified_gmt":"2025-10-06T23:24:15","slug":"discipulado-biblico-nivel-4","status":"publish","type":"product","link":"https:\/\/www.institutobiblicorav.com\/institutorav\/producto\/discipulado-biblico-nivel-4\/","title":{"rendered":"Discipulado B\u00edblico &#8211; Cuarto Nivel"},"content":{"rendered":"<h2 data-start=\"2950\" data-end=\"3007\">\ud83d\udd39 <strong data-start=\"2956\" data-end=\"3005\">Nivel 4: Compromiso y perseverancia en la Fe<\/strong><\/h2>\n<p data-start=\"3008\" data-end=\"3126\">Este nivel 4, llamado <strong data-start=\"22\" data-end=\"63\">\u201cCompromiso y Perseverancia en la Fe\u201d<\/strong>, ense\u00f1a que todo creyente es llamado no solo a recibir la salvaci\u00f3n, sino tambi\u00e9n a compartirla. La misi\u00f3n cristiana y el testimonio personal son el reflejo de una fe viva y comprometida con el prop\u00f3sito de Dios. Jes\u00fas orden\u00f3: <em data-start=\"291\" data-end=\"349\">\u201cPor tanto, id, y haced disc\u00edpulos a todas las naciones\u201d<\/em> (Mateo 28:19). Este mandato no es exclusivo de pastores o l\u00edderes, sino de todos los que han sido redimidos por Cristo. El verdadero seguidor de Jes\u00fas no puede permanecer callado ante la grandeza del evangelio. Testificar no consiste solo en palabras, sino tambi\u00e9n en un estilo de vida que manifiesta amor, compasi\u00f3n y justicia. Cada creyente es una carta abierta que el mundo lee, y su conducta debe reflejar la luz de Cristo en cada \u00e1mbito de la vida. Cumplir la misi\u00f3n es un acto de obediencia y gratitud que glorifica a Dios y extiende su Reino en la tierra.<\/p>\n<p data-start=\"3008\" data-end=\"3126\">La esperanza cristiana no es una ilusi\u00f3n pasajera, sino una certeza anclada en las promesas de Dios. El creyente vive con la mirada puesta en la eternidad, confiando en que un d\u00eda ver\u00e1 cumplida la promesa del Se\u00f1or. La Palabra afirma: <em data-start=\"1151\" data-end=\"1207\">\u201cY esta es la promesa que \u00e9l nos hizo, la vida eterna\u201d<\/em> (1 Juan 2:25). Esta esperanza sostiene al cristiano en medio de las pruebas y le recuerda que su ciudadan\u00eda no est\u00e1 en este mundo, sino en el cielo. Vivir con esperanza significa enfrentar las dificultades con confianza, sabiendo que nada sucede fuera del control de Dios. La vida eterna no comienza al morir, sino desde el momento en que Cristo entra en el coraz\u00f3n. Por eso, el creyente aprende a valorar las cosas eternas por encima de las temporales, perseverando con gozo, a\u00fan en medio del sufrimiento, porque sabe que su recompensa est\u00e1 en las manos del Se\u00f1or.<\/p>\n<article class=\"text-token-text-primary w-full focus:outline-none scroll-mt-[calc(var(--header-height)+min(200px,max(70px,20svh)))]\" dir=\"auto\" tabindex=\"-1\" data-turn-id=\"request-68e15b5e-0340-832f-96d9-4958599c1166-20\" data-testid=\"conversation-turn-16\" data-scroll-anchor=\"true\" data-turn=\"assistant\">\n<div class=\"text-base my-auto mx-auto pb-10 [--thread-content-margin:--spacing(4)] thread-sm:[--thread-content-margin:--spacing(6)] thread-lg:[--thread-content-margin:--spacing(16)] px-(--thread-content-margin)\">\n<div class=\"[--thread-content-max-width:40rem] thread-lg:[--thread-content-max-width:48rem] mx-auto max-w-(--thread-content-max-width) flex-1 group\/turn-messages focus-visible:outline-hidden relative flex w-full min-w-0 flex-col agent-turn\" tabindex=\"-1\">\n<div class=\"flex max-w-full flex-col grow\">\n<div class=\"min-h-8 text-message relative flex w-full flex-col items-end gap-2 text-start break-words whitespace-normal [.text-message+&amp;]:mt-5\" dir=\"auto\" data-message-author-role=\"assistant\" data-message-id=\"95281714-064f-4cb1-b49a-6459eaa64c6d\" data-message-model-slug=\"gpt-5\">\n<div class=\"flex w-full flex-col gap-1 empty:hidden first:pt-[1px]\">\n<div class=\"markdown prose dark:prose-invert w-full break-words dark markdown-new-styling\">\n<p data-start=\"1777\" data-end=\"2718\" data-is-last-node=\"\" data-is-only-node=\"\">Perseverar en la fe y crecer en madurez espiritual es el resultado de una relaci\u00f3n constante con Dios. La vida cristiana no es un camino f\u00e1cil, pero s\u00ed glorioso para quienes permanecen firmes hasta el final. <em data-start=\"1985\" data-end=\"2035\">\u201cEl que persevere hasta el fin, \u00e9ste ser\u00e1 salvo\u201d<\/em> (Mateo 24:13). La madurez espiritual no se mide por el tiempo que se lleva en la iglesia, sino por la obediencia, el fruto y la fidelidad al Se\u00f1or. El creyente maduro conf\u00eda en Dios aun cuando no entiende sus caminos, y se mantiene firme en la verdad, sin dejarse arrastrar por las corrientes del mundo. Perseverar requiere disciplina, oraci\u00f3n, comuni\u00f3n con otros creyentes y dependencia diaria del Esp\u00edritu Santo. Es caminar por fe, no por vista, confiando en que aquel que comenz\u00f3 la buena obra en nosotros la perfeccionar\u00e1 hasta el d\u00eda de Jesucristo. As\u00ed, la vida del creyente se convierte en un testimonio continuo de fe s\u00f3lida, amor profundo y esperanza viva en el Dios eterno.<\/p>\n<\/div>\n<\/div>\n<\/div>\n<\/div>\n<div class=\"z-0 flex min-h-[46px] justify-start\"><\/div>\n<div class=\"mt-3 w-full empty:hidden\">\n<div class=\"text-center\">\n<hr \/>\n<\/div>\n<\/div>\n<\/div>\n<\/div>\n<\/article>\n<p class=\"ds-markdown-paragraph\"><strong>\ud83c\udfaf Beneficios para el Estudiante:<br \/>\n<\/strong><strong>Totalmente Gratis<\/strong> el nivel completo.<br \/>\n<strong>Acceso 24\/7<\/strong> a clases grabadas, materiales descargables y foros de discusi\u00f3n.<br \/>\n<strong>Certificaci\u00f3n progresiva<\/strong> avalada por la <em>Iglesia Cristiana Filadelfia &#8220;Como R\u00edos de Agua Viva&#8221;<\/em>.<br \/>\n<strong>Tutor\u00eda personalizada<\/strong>\u00a0con docentes calificados.<\/p>\n<p class=\"ds-markdown-paragraph\"><strong>\u23f3 Duraci\u00f3n:<\/strong> 10 Semanas (2 meses y 1\/2 ).<br \/>\n<strong>\ud83d\udcbb Modalidad:<\/strong> 100% Online, a tu ritmo.<\/p>\n<p class=\"ds-markdown-paragraph\"><strong>\u271d\ufe0f \u00bfListo para comenzar tu formaci\u00f3n?<\/strong><br \/>\n\ud83d\udc49\u00a0<em>&#8220;Inscr\u00edbete hoy&#8221;<\/em><\/p>\n","protected":false},"excerpt":{"rendered":"<h2 data-start=\"2950\" data-end=\"3007\">\ud83d\udd39 <strong data-start=\"2956\" data-end=\"3005\">Nivel 4: Compromiso y perseverancia en la Fe<\/strong><\/h2>\n<p data-start=\"3008\" data-end=\"3126\">Este nivel motiva al disc\u00edpulo a vivir con prop\u00f3sito, compartiendo su fe, aferrado a la esperanza eterna y perseverando fielmente en el camino de la madurez espiritual.<\/p>\n<ol data-start=\"3128\" data-end=\"3761\">\n<li data-start=\"3128\" data-end=\"3188\">\n<p data-start=\"3131\" data-end=\"3188\"><strong>Tomo 10: La misi\u00f3n cristiana y el testimonio (12 Lecciones)<\/strong><\/p>\n<\/li>\n<li data-start=\"3189\" data-end=\"3244\">\n<p data-start=\"3192\" data-end=\"3244\"><strong>Tomo 11: La esperanza Cristiana y la vida eterna (12 Lecciones)<\/strong><\/p>\n<\/li>\n<li data-start=\"3245\" data-end=\"3309\">\n<p data-start=\"3248\" data-end=\"3309\"><strong>Tomo 12: Perseverando en la fe y creciendo en madurez espiritual (12 Lecciones)<\/strong><\/p>\n<\/li>\n<\/ol>\n<hr \/>\n<p class=\"ds-markdown-paragraph\"><strong>\u2705 Beneficios:<\/strong><br \/>\n\u2714 Totalmente <strong>Gratis<\/strong><br \/>\n\u2714 Acceso 24\/7 a clases en l\u00ednea<br \/>\n\u2714 Una Lecci\u00f3n por Semana<br \/>\n\u2714 Material descargable y certificaci\u00f3n progresiva<br \/>\n\u2714 Tutor\u00eda personalizada<\/p>\n<p class=\"ds-markdown-paragraph\"><strong>\u23f3 Duraci\u00f3n:<\/strong> 10 Semanas (2 meses y 1\/2) | <strong>\ud83d\udcbb Modalidad:<\/strong>\u00a0100% Online<br \/>\n<strong>\u271d\ufe0f \u00a1Inscr\u00edbete hoy y da el primer paso en el Discipulado!<\/strong><\/p>\n<hr \/>\n<p class=\"ds-markdown-paragraph\"><strong>\ud83d\udca1 Ideal para:<\/strong> Nuevos Creyentes, Estudiantes, l\u00edderes y cualquier persona que desee profundizar en el Discipulado.<\/p>\n","protected":false},"featured_media":686,"comment_status":"closed","ping_status":"closed","template":"","meta":{"_kad_post_transparent":"default","_kad_post_title":"","_kad_post_layout":"default","_kad_post_sidebar_id":"","_kad_post_content_style":"default","_kad_post_vertical_padding":"default","_kad_post_feature":"","_kad_post_feature_position":"","_kad_post_header":false,"_kad_post_footer":false,"_kad_post_classname":"","_joinchat":[]},"product_brand":[],"product_cat":[24],"product_tag":[29,27,28,35,36,26,30],"class_list":{"0":"post-385","1":"product","2":"type-product","3":"status-publish","4":"has-post-thumbnail","6":"product_cat-discipulado","7":"product_tag-acceso","8":"product_tag-biblia","9":"product_tag-cuatrimestres","10":"product_tag-discipulado","11":"product_tag-evangelismo","12":"product_tag-instituto","13":"product_tag-materias","15":"first","16":"instock","17":"virtual","18":"sold-individually","19":"product-type-simple","20":"entry","21":"content-bg","22":"loop-entry"},"_links":{"self":[{"href":"https:\/\/www.institutobiblicorav.com\/institutorav\/wp-json\/wp\/v2\/product\/385","targetHints":{"allow":["GET"]}}],"collection":[{"href":"https:\/\/www.institutobiblicorav.com\/institutorav\/wp-json\/wp\/v2\/product"}],"about":[{"href":"https:\/\/www.institutobiblicorav.com\/institutorav\/wp-json\/wp\/v2\/types\/product"}],"replies":[{"embeddable":true,"href":"https:\/\/www.institutobiblicorav.com\/institutorav\/wp-json\/wp\/v2\/comments?post=385"}],"wp:featuredmedia":[{"embeddable":true,"href":"https:\/\/www.institutobiblicorav.com\/institutorav\/wp-json\/wp\/v2\/media\/686"}],"wp:attachment":[{"href":"https:\/\/www.institutobiblicorav.com\/institutorav\/wp-json\/wp\/v2\/media?parent=385"}],"wp:term":[{"taxonomy":"product_brand","embeddable":true,"href":"https:\/\/www.institutobiblicorav.com\/institutorav\/wp-json\/wp\/v2\/product_brand?post=385"},{"taxonomy":"product_cat","embeddable":true,"href":"https:\/\/www.institutobiblicorav.com\/institutorav\/wp-json\/wp\/v2\/product_cat?post=385"},{"taxonomy":"product_tag","embeddable":true,"href":"https:\/\/www.institutobiblicorav.com\/institutorav\/wp-json\/wp\/v2\/product_tag?post=385"}],"curies":[{"name":"wp","href":"https:\/\/api.w.org\/{rel}","templated":true}]}}